on divisor of 344 and 1075.
43
Calculate the greatest common factor of 248 and 1798.
62
What is the greatest common divisor of 53 and 10229?
53
Calculate the greatest common factor of 154 and 847.
77
Calculate the highest common divisor of 39 and 25.
1
What is the highest common divisor of 116 and 3625?
29
Calculate the greatest common factor of 28405 and 230.
115
Calculate the highest common factor of 315 and 90.
45
What is the greatest common divisor of 99 and 1628?
11
What is the greatest common factor of 49 and 1?
1
Calculate the highest common divisor of 80 and 4280.
40
What is the highest common factor of 22 and 2?
2
Calculate the highest common divisor of 1602 and 45.
9
Calculate the highest common divisor of 34 and 91222.
34
What is the highest common divisor of 590 and 10?
10
What is the highest common divisor of 30 and 1935?
15
Calculate the greatest common divisor of 3667 and 95.
19
Calculate the highest common factor of 59 and 59.
59
What is the highest common divisor of 448 and 329?
7
What is the highest common factor of 782 and 138?
46
Calculate the greatest common divisor of 10688 and 832.
64
Calculate the highest common divisor of 988 and 2236.
52
Calculate the highest common factor of 280 and 70.
70
What is the highest common divisor of 728 and 2366?
182
Calculate the highest common factor of 351 and 273.
39
Calculate the greatest common factor of 228 and 324.
12
Calculate the greatest common factor of 1657 and 1.
1
What is the highest common divisor of 1863 and 405?
81
Calculate the greatest common factor of 2232 and 27.
9
Calculate the highest common factor of 2245 and 5.
5
Calculate the greatest common factor of 2914 and 282.
94
What is the highest common divisor of 1192 and 440?
8
What is the highest common factor of 36 and 81?
9
What is the highest common factor of 4428 and 108?
108
What is the highest common factor of 290 and 37120?
290
Calculate the highest common divisor of 11 and 913.
11
Calculate the greatest common factor of 4 and 1.
1
What is the highest common factor of 1452 and 48?
12
Calculate the greatest common factor of 174 and 3.
3
What is the highest common factor of 5 and 505?
5
Calculate the highest common factor of 1 and 207.
1
What is the greatest common divisor of 175 and 50?
25
Calculate the highest common divisor of 20 and 320.
20
Calculate the greatest common factor of 14501 and 17.
17
What is the greatest common divisor of 46 and 6072?
46
What is the greatest common factor of 34 and 112030?
34
What is the highest common factor of 104 and 26?
26
Calculate the highest common divisor of 14 and 889.
7
Calculate the greatest common divisor of 442 and 130.
26
Calculate the greatest common divisor of 217 and 62.
31
What is the greatest common factor of 304 and 208?
16
What is the greatest common factor of 162 and 3?
3
Calculate the highest common factor of 18 and 234.
18
What is the greatest common factor of 200 and 80?
40
Calculate the highest common factor of 403 and 13.
13
What is the highest common divisor of 49 and 14?
7
Calculate the highest common factor of 7 and 1582.
7
What is the highest common factor of 6 and 3?
3
What is the greatest common factor of 18 and 522?
18
What is the highest common divisor of 1316 and 8084?
188
What is the greatest common factor of 48 and 312?
24
What is the greatest common divisor of 18444 and 106?
106
Calculate the highest common factor of 18 and 486.
18
What is the greatest common divisor of 3839 and 11?
11
Calculate the highest common factor of 1840 and 24.
8
What is the greatest common factor of 372 and 8?
4
Calculate the greatest common divisor of 65 and 130.
65
What is the highest common factor of 300 and 16?
4
What is the highest common factor of 48 and 1356?
12
What is the greatest common divisor of 44 and 2486?
22
What is the highest common divisor of 119 and 11424?
119
Calculate the highest common factor of 331 and 1.
1
What is the highest common divisor of 35 and 161?
7
Calculate the highest common divisor of 13 and 169.
13
Calculate the highest common factor of 1695 and 3277.
113
What is the greatest common divisor of 315 and 2730?
105
What is the highest common factor of 3174 and 138?
138
Calculate the greatest common factor of 288 and 72.
72
What is the greatest common divisor of 13969 and 458?
229
What is the highest common factor of 12 and 48?
12
Calculate the greatest common factor of 1870 and 1078.
22
What is the highest common divisor of 2 and 1282?
2
What is the greatest common factor of 1075 and 43?
43
Calculate the greatest common factor of 37 and 703.
37
What is the greatest common divisor of 18 and 144?
18
What is the greatest common divisor of 270 and 1170?
90
Calculate the greatest common factor of 2718 and 18.
18
What is the greatest common divisor of 1524 and 24?
12
Calculate the highest common factor of 58 and 754.
58
Calculate the greatest common factor of 5664 and 192.
96
What is the greatest common divisor of 927 and 103?
103
What is the greatest common divisor of 11 and 153802?
11
What is the greatest common divisor of 170 and 680?
170
What is the highest common factor of 75 and 2375?
25
What is the highest common factor of 360 and 6680?
40
Calculate the greatest common divisor of 16 and 752.
16
What is the greatest common divisor of 68 and 6222?
34
Calculate the greatest common factor of 168 and 96.
24
What is the greatest common divisor of 15 and 95?
5
What is the highest common factor of 260 and 299?
13
What is the highest common factor of 218 and 70?
2
What is the greatest common divisor of 4379 and 29?
29
What is the greatest common factor of 195 and 1425?
15
What is the highest common divisor of 282 and 12?
6
What is the greatest common divisor of 37 and 407?
37
Calculate the greatest common factor of 1557 and 9.
9
Calculate the highest common factor of 18 and 2586.
6
What is the greatest common divisor of 455 and 14?
7
Calculate the greatest common factor of 21 and 903.
21
What is the greatest common factor of 45318 and 498?
498
What is the greatest common factor of 391 and 1904?
17
Calculate the highest common factor of 9 and 171.
9
Calculate the highest common factor of 14 and 273.
7
Calculate the highest common divisor of 39 and 90.
3
What is the greatest common divisor of 442 and 1534?
26
Calculate the highest common factor of 329 and 940.
47
What is the highest common divisor of 512 and 96?
32
Calculate the highest common factor of 1002 and 42.
6
Calculate the greatest common factor of 897 and 26.
13
Calculate the highest common divisor of 13692 and 168.
84
Calculate the highest common divisor of 845 and 338.
169
What is the greatest common divisor of 428 and 107?
107
What is the highest common factor of 2266 and 618?
206
What is the highest common divisor of 784 and 32?
16
What is the highest common divisor of 77 and 99?
11
Calculate the highest common factor of 30511 and 13.
13
What is the highest common divisor of 704 and 484?
44
What is the greatest common divisor of 243 and 108?
27
What is the greatest common factor of 26 and 338?
26
Calculate the greatest common divisor of 6 and 3180.
6
Calculate the highest common divisor of 46 and 207.
23
Calculate the highest common factor of 3900 and 2.
2
What is the greatest common divisor of 916 and 7?
1
What is the greatest common divisor of 1026 and 18?
18
Calculate the highest common factor of 660 and 12.
12
What is the greatest common divisor of 4741 and 22?
11
What is the greatest common factor of 100 and 175?
25
Calculate the greatest common factor of 3 and 3.
3
What is the greatest common factor of 168 and 140?
28
What is the greatest common divisor of 2516 and 136?
68
What is the greatest common factor of 7052 and 172?
172
Calculate the highest common factor of 46 and 1702.
46
Calculate the greatest common factor of 6 and 188.
2
Calculate the highest common divisor of 22 and 1243.
11
Calculate the greatest common divisor of 25 and 1675.
25
Calculate the greatest common factor of 416 and 1300.
52
What is the highest common divisor of 88 and 110?
22
What is the greatest common divisor of 35798 and 14?
14
What is the greatest common divisor of 75 and 13215?
15
Calculate the highest common factor of 53 and 1855.
53
What is the highest common factor of 42 and 189?
21
C